{"id":886,"date":"2023-12-14T11:44:43","date_gmt":"2023-12-14T10:44:43","guid":{"rendered":"https:\/\/grupobaviera.es\/accionistas-inversores\/?page_id=886"},"modified":"2023-12-14T11:59:15","modified_gmt":"2023-12-14T10:59:15","slug":"politica-de-privacidad","status":"publish","type":"page","link":"https:\/\/grupobaviera.es\/accionistas-inversores\/politica-de-privacidad\/","title":{"rendered":"Pol\u00edtica de Privacidad"},"content":{"rendered":"<div class=\"wpb-content-wrapper\"><p>[vc_row full_width=\u00bbstretch_row_content_no_spaces\u00bb el_class=\u00bbcookies-container\u00bb][vc_column][vc_column_text]<\/p>\n<h1>Pol\u00edtica de Privacidad<\/h1>\n<p>[\/vc_column_text][vc_row_inner][vc_column_inner][vc_column_text el_class=\u00bbcnt\u00bb]CLINICA BAVIERA, S.A. ha adoptado la presente Pol\u00edtica de Privacidad, garantizando que el tratamiento de los datos de los usuarios de esta web se lleva a cabo de modo que se observen los principios y normas relativos a la protecci\u00f3n de los datos de car\u00e1cter personal.<\/p>\n<p>CLINICA BAVIERA, S.A. manifiesta su compromiso de cumplir con la legislaci\u00f3n vigente en cada momento en materia de protecci\u00f3n de datos, y dem\u00e1s legislaci\u00f3n aplicable.<\/p>\n<p>A continuaci\u00f3n, encontrar\u00e1 informaci\u00f3n detallada sobre el tratamiento de sus datos de car\u00e1cter personal:[\/vc_column_text][vc_column_text el_class=\u00bbcnt\u00bb]<\/p>\n<h2>INFORMACI\u00d3N SOBRE PROTECCI\u00d3N DE DATOS DE CAR\u00c1CTER PERSONAL<\/h2>\n<h2>Responsable del tratamiento<\/h2>\n<p>CLINICA BAVIERA, S.A. NIF A80240427.<br \/>\nDirecci\u00f3n postal: Paseo de la Castellana 20 &#8211; 28046 Madrid.<br \/>\nContacto Delegado de Protecci\u00f3n de Datos (DPD):<br \/>\n<a href=\"mailto:DPD@clinicabaviera.com\"><span class=\"s1\">DPD@clinicabaviera.com<\/span><\/a>\u00a0y Tfno: 91 781 98 80.[\/vc_column_text][vc_column_text el_class=\u00bbcnt\u00bb]<\/p>\n<h2>Finalidad del tratamiento:<\/h2>\n<ul>\n<li>Alta de usuarios para su participaci\u00f3n en el Foro.<\/li>\n<li>Establecer, gestionar y supervisar el funcionamiento del Foro conforme a lo establecido en las Normas de \u00e9ste y en la normativa aplicable.<\/li>\n<li>Atender las sugerencias o propuestas sobre la mejora del Foro, las posibles asistencias t\u00e9cnicas, la mejora de la calidad, as\u00ed como las denuncias sobre contenidos no conformes con las Normas.<\/li>\n<\/ul>\n<p>[\/vc_column_text][vc_column_text el_class=\u00bbcnt\u00bb]<\/p>\n<h2>Plazos de conservaci\u00f3n de la informaci\u00f3n<\/h2>\n<p>Los datos se conservar\u00e1n mientras el usuario permanezca de alta en el foro y no se solicite su supresi\u00f3n y, en cualquier caso, en cumplimiento de plazos legales de prescripci\u00f3n que le resulten de aplicaci\u00f3n (Ley de Sociedades de Capital).[\/vc_column_text][vc_column_text el_class=\u00bbcnt\u00bb]<\/p>\n<h2>Destinatarios de cesiones<\/h2>\n<p>La participaci\u00f3n en el foro implica la publicaci\u00f3n en \u00e9ste de los datos personales del participante.<\/p>\n<p>Solo en el caso de que el contenido de la comunicaci\u00f3n pueda ser susceptible de actuaci\u00f3n administrativa y\/o judicial, los datos podr\u00edan ser comunicados a las Autoridades competentes para la investigaci\u00f3n, averiguaci\u00f3n y sanci\u00f3n del hecho.[\/vc_column_text][vc_column_text el_class=\u00bbcnt\u00bb]<\/p>\n<h2>Transferencias internacionales<\/h2>\n<p>CB hace uso de uso de los servicios de Salesforce y los \u201cServicios en L\u00ednea para empresas\u201d de Microsoft Corporation con herramientas como Office 365, constituyendo su uso una transferencia internacional de datos a Estados Unidos o a cualquier otro pa\u00eds en el que operen Microsoft o Salesforce o sus Subencargados y que se rigen por las Cl\u00e1usulas Contractuales Tipo de 2021. Puede consultar el acuerdo firmado con Microsoft en\u00a0<a href=\"https:\/\/view.officeapps.live.com\/op\/view.aspx?src=https:\/\/wwlpdocumentsearch.blob.core.windows.net\/prodv2\/MicrosoftProductandServicesDPA(WW)(Spanish)(Sept2022)(CR).docx?sv=2020-08-04&amp;se=2122-09-23T07:48:18Z&amp;sr=b&amp;sp=r&amp;sig=DBGkDNSgjyfHrzhz129EsvX%25252Bsw%25252B3tLpNz3%25252FUy%25252FILSXc%25253D&amp;wdOrigin=BROWSELINK\"><span class=\"s1\">MicrosoftProductandServicesDPA(WW)(Spanish)(Sept2022)(CR).docx (live.com)<\/span><\/a>, o solicitar el firmado con Salesforce en la direcci\u00f3n\u00a0<a href=\"mailto:DPD@clinicabaviera.com\"><span class=\"s1\">DPD@clinicabaviera.com<\/span><\/a>.[\/vc_column_text][vc_column_text el_class=\u00bbcnt\u00bb]<\/p>\n<h2>Derechos de los interesados<\/h2>\n<p class=\"p1\">Todo interesado puede revocar el consentimiento, en su caso, prestado, as\u00ed como ejercer sus derechos de acceso, rectificaci\u00f3n, supresi\u00f3n, oposici\u00f3n, portabilidad y limitaci\u00f3n, mediante escrito dirigido al Departamento de Asesor\u00eda Jur\u00eddica de Cl\u00ednica Baviera, S.A., sito en Paseo de la Castellana 20, 28046, Madrid o a\u00a0<a href=\"mailto:datospersonales@grupobaviera.es\"><span class=\"s1\">datospersonales@grupobaviera.es<\/span><\/a>, acreditando debidamente su identidad. Igualmente puede presentar, cuando lo considere oportuno, una reclamaci\u00f3n ante la Agencia Espa\u00f1ola de Protecci\u00f3n de Datos (AEPD\u00a0<a href=\"https:\/\/www.aepd.es\/\"><span class=\"s1\">www.aepd.es<\/span><\/a>), especialmente, si considera infringidos sus derechos.<\/p>\n<p>Se adoptan las medidas de \u00edndole t\u00e9cnica y organizativa necesarias para garantizar la seguridad de los datos de car\u00e1cter personal y para evitar su alteraci\u00f3n, p\u00e9rdida, tratamiento o acceso no autorizado, habida cuenta del estado de la tecnolog\u00eda, la naturaleza de los datos y los riesgos a los que est\u00e1n expuestos.<\/p>\n<p>La P\u00e1gina dispone del Certificado SSL (Secure Socket Layer), con la finalidad de garantizar la seguridad en la transmisi\u00f3n de datos entre su navegador y nuestra P\u00e1gina.<\/p>\n<p>El servidor seguro establece una conexi\u00f3n de modo que la informaci\u00f3n se transmite cifrada, que aseguran que solo sea inteligible para el dispositivo del usuario y el de la P\u00e1gina. De este modo, al utilizar el protocolo SSL se garantiza:<\/p>\n<ul>\n<li>Que el usuario est\u00e1 comunicando sus datos al centro servidor de la P\u00e1gina y no a cualquier otro.<\/li>\n<li>Que entre el usuario y la P\u00e1gina los datos se transmiten cifrados, evitando su posible lectura o manipulaci\u00f3n por terceros.<\/li>\n<\/ul>\n<p>Para verificar que se encuentra en un entorno seguro, puede:<\/p>\n<ul>\n<li>Verificar que la direcci\u00f3n de la P\u00e1gina comience por https:\/\/<\/li>\n<li>Comprobar que aparezca el icono de un candado en la barra de direcci\u00f3n de su navegador.<\/li>\n<li>Verificar la presencia del certificado SSL comprobando las propiedades de la P\u00e1gina en su navegador, para lo cual deber\u00e1 consultar las caracter\u00edsticas del mismo.<\/li>\n<\/ul>\n<p>Cualquier cambio realizado en la Pol\u00edtica de Privacidad y en las pr\u00e1cticas de administraci\u00f3n de la informaci\u00f3n se reflejar\u00e1 de forma oportuna, pudi\u00e9ndose agregar, modificar o eliminar dicha pol\u00edtica de privacidad cuando se estime necesario.<\/p>\n<p>En ning\u00fan caso se modificar\u00e1n las pol\u00edticas ni pr\u00e1cticas para hacerlas menos eficaces en la protecci\u00f3n de los datos personales sin el consentimiento previo de los interesados.[\/vc_column_text][\/vc_column_inner][\/vc_row_inner][\/vc_column][\/vc_row]<\/p>\n<\/div>","protected":false},"excerpt":{"rendered":"<p>[vc_row full_width=\u00bbstretch_row_content_no_spaces\u00bb el_class=\u00bbcookies-container\u00bb][vc_column][vc_column_text] Pol\u00edtica de Privacidad [\/vc_column_text][vc_row_inner][vc_column_inner][vc_column_text el_class=\u00bbcnt\u00bb]CLINICA BAVIERA, S.A. ha adoptado la presente Pol\u00edtica de Privacidad, garantizando que el tratamiento de los datos de los usuarios de esta web se lleva a cabo de modo que se observen los principios y normas relativos a la protecci\u00f3n de los datos de car\u00e1cter personal. CLINICA BAVIERA, &#8230; <a title=\"Pol\u00edtica de Privacidad\" class=\"read-more\" href=\"https:\/\/grupobaviera.es\/accionistas-inversores\/politica-de-privacidad\/\" aria-label=\"Leer m\u00e1s sobre Pol\u00edtica de Privacidad\">Leer m\u00e1s<\/a><\/p>\n","protected":false},"author":3,"featured_media":0,"parent":0,"menu_order":0,"comment_status":"closed","ping_status":"closed","template":"","meta":{"_acf_changed":false,"inline_featured_image":false,"footnotes":""},"class_list":["post-886","page","type-page","status-publish"],"acf":[],"_links":{"self":[{"href":"https:\/\/grupobaviera.es\/accionistas-inversores\/wp-json\/wp\/v2\/pages\/886","targetHints":{"allow":["GET"]}}],"collection":[{"href":"https:\/\/grupobaviera.es\/accionistas-inversores\/wp-json\/wp\/v2\/pages"}],"about":[{"href":"https:\/\/grupobaviera.es\/accionistas-inversores\/wp-json\/wp\/v2\/types\/page"}],"author":[{"embeddable":true,"href":"https:\/\/grupobaviera.es\/accionistas-inversores\/wp-json\/wp\/v2\/users\/3"}],"replies":[{"embeddable":true,"href":"https:\/\/grupobaviera.es\/accionistas-inversores\/wp-json\/wp\/v2\/comments?post=886"}],"version-history":[{"count":5,"href":"https:\/\/grupobaviera.es\/accionistas-inversores\/wp-json\/wp\/v2\/pages\/886\/revisions"}],"predecessor-version":[{"id":893,"href":"https:\/\/grupobaviera.es\/accionistas-inversores\/wp-json\/wp\/v2\/pages\/886\/revisions\/893"}],"wp:attachment":[{"href":"https:\/\/grupobaviera.es\/accionistas-inversores\/wp-json\/wp\/v2\/media?parent=886"}],"curies":[{"name":"wp","href":"https:\/\/api.w.org\/{rel}","templated":true}]}}