{"id":284,"date":"2023-08-12T18:49:57","date_gmt":"2023-08-12T16:49:57","guid":{"rendered":"https:\/\/grupobaviera.es\/accionistas-inversores\/?page_id=284"},"modified":"2026-04-09T17:07:58","modified_gmt":"2026-04-09T15:07:58","slug":"remuneraciones-de-los-consejeros","status":"publish","type":"page","link":"https:\/\/grupobaviera.es\/accionistas-inversores\/remuneraciones-de-los-consejeros\/","title":{"rendered":"Remuneraciones de los consejeros"},"content":{"rendered":"<div class=\"wpb-content-wrapper\"><p>[vc_row full_width=\u00bbstretch_row_content_no_spaces\u00bb el_class=\u00bbbanner\u00bb css=\u00bb.vc_custom_1691291754867{background-image: url(https:\/\/grupobaviera.es\/accionistas-inversores\/wp-content\/uploads\/2023\/08\/banner-des.jpg?id=132) !important;background-position: center !important;background-repeat: no-repeat !important;background-size: cover !important;}\u00bb][vc_column][vc_column_text]<\/p>\n<h1>Remuneraciones de<br \/>\nlos consejeros<\/h1>\n<p>[\/vc_column_text][\/vc_column][\/vc_row][vc_row full_width=\u00bbstretch_row_content_no_spaces\u00bb el_class=\u00bbbg1 tabs-descargas\u00bb css=\u00bb.vc_custom_1691854295890{background-color: #f8f9fb !important;}\u00bb][vc_column][vc_tta_tabs section_title_tag=\u00bbh3&#8243; style=\u00bbflat\u00bb shape=\u00bbround\u00bb active_section=\u00bb1&#8243; no_fill_content_area=\u00bbtrue\u00bb][vc_tta_section title=\u00bbPol\u00edtica de remuneraci\u00f3n de los Consejeros\u00bb tab_id=\u00bb1691439762624-156947a7-a4e3&#8243;][vc_column_text]<\/p>\n<h4>Pol\u00edtica Remuneraciones Consejeros 2025-2028<\/h4>\n<p><a href=\"https:\/\/grupobaviera.es\/accionistas-inversores\/wp-content\/uploads\/2025\/05\/Politica-Remuneraciones-Consejeros-2025-2028.pdf\" target=\"_blank\" rel=\"noopener\">Descargar PDF<\/a>[\/vc_column_text][vc_column_text]<\/p>\n<h4>Pol\u00edtica remuneraci\u00f3n consejeros Cl\u00ednica Baviera 2022-2025<\/h4>\n<p><a href=\"https:\/\/grupobaviera.es\/accionistas-inversores\/wp-content\/uploads\/2023\/08\/Politica-Remuneraciones-Consejeros-2022-2025-1.pdf\" target=\"_blank\" rel=\"noopener\">Descargar PDF<\/a>[\/vc_column_text][vc_column_text]<\/p>\n<h4>Pol\u00edtica remuneraci\u00f3n consejeros Cl\u00ednica Baviera 2021-2023<\/h4>\n<p><a href=\"https:\/\/grupobaviera.es\/accionistas-inversores\/wp-content\/uploads\/2023\/08\/Politica-remuneracion-consejeros-CLINICA-BAVIERA-2021-2023-01-1.pdf\" target=\"_blank\" rel=\"noopener\">Descargar PDF<\/a>[\/vc_column_text][vc_column_text]<\/p>\n<h4>Pol\u00edtica remuneraci\u00f3n consejeros Cl\u00ednica Baviera 2019-2021<\/h4>\n<p><a href=\"https:\/\/grupobaviera.es\/accionistas-inversores\/wp-content\/uploads\/2023\/08\/Politica-remuneracion-consejeros-CLINICA-BAVIERA-2019-2021.pdf\" target=\"_blank\" rel=\"noopener\">Descargar PDF<\/a>[\/vc_column_text][\/vc_tta_section][vc_tta_section title=\u00bbInforme anual remuneraciones de los Consejeros\u00bb tab_id=\u00bb1691855434644-9fd587fd-7636&#8243;][vc_column_text]<\/p>\n<h4>Informe Anual sobre Remuneraciones de Consejeros (IRC) 2025<\/h4>\n<p><a href=\"https:\/\/grupobaviera.es\/accionistas-inversores\/wp-content\/uploads\/2026\/04\/IRC-2025.pdf\">Descargar PDF<\/a>[\/vc_column_text][vc_column_text]<\/p>\n<h4>Informe Anual sobre Remuneraciones de Consejeros (IRC) 2024<\/h4>\n<p><a href=\"https:\/\/grupobaviera.es\/accionistas-inversores\/wp-content\/uploads\/2025\/05\/IRC_A-80240427_2024.pdf\">Descargar PDF<\/a>[\/vc_column_text][vc_column_text]<\/p>\n<h4>Informe Anual sobre Remuneraciones de Consejeros (IRC) 2023<\/h4>\n<p><a href=\"https:\/\/grupobaviera.es\/accionistas-inversores\/wp-content\/uploads\/2024\/04\/IRC-2023.pdf\">Descargar PDF<\/a>[\/vc_column_text][vc_column_text]<\/p>\n<h4>Informe anual sobre remuneraciones de los Consejeros 2022<\/h4>\n<p><a href=\"https:\/\/grupobaviera.es\/accionistas-inversores\/wp-content\/uploads\/2023\/12\/IRC-CB-2022.pdf\">Descargar PDF<\/a>[\/vc_column_text][vc_column_text]<\/p>\n<h4>Informe anual sobre remuneraciones de los Consejeros 2021<\/h4>\n<p><a href=\"https:\/\/grupobaviera.es\/accionistas-inversores\/wp-content\/uploads\/2023\/08\/IRC-CB-2021.pdf\" target=\"_blank\" rel=\"noopener\">Descargar PDF<\/a>[\/vc_column_text][vc_column_text]<\/p>\n<h4>Informe anual sobre remuneraciones de los Consejeros 2020<\/h4>\n<p><a href=\"https:\/\/grupobaviera.es\/accionistas-inversores\/wp-content\/uploads\/2023\/08\/IAR-2020-01.pdf\" target=\"_blank\" rel=\"noopener\">Descargar PDF<\/a>[\/vc_column_text][vc_column_text]<\/p>\n<h4>Informe anual sobre remuneraciones de los Consejeros 2019<\/h4>\n<p><a href=\"https:\/\/grupobaviera.es\/accionistas-inversores\/wp-content\/uploads\/2023\/08\/IAR-CB-2019.pdf\" target=\"_blank\" rel=\"noopener\">Descargar PDF<\/a>[\/vc_column_text][vc_column_text]<\/p>\n<h4>Informe anual sobre remuneraciones de los Consejeros 2018<\/h4>\n<p><a href=\"https:\/\/grupobaviera.es\/accionistas-inversores\/wp-content\/uploads\/2023\/08\/IRC-2018.pdf\" target=\"_blank\" rel=\"noopener\">Descargar PDF<\/a>[\/vc_column_text][vc_column_text]<\/p>\n<h4>Informe anual sobre remuneraciones de los Consejeros 2017<\/h4>\n<p><a href=\"https:\/\/grupobaviera.es\/accionistas-inversores\/wp-content\/uploads\/2023\/08\/IRC-2017.pdf\" target=\"_blank\" rel=\"noopener\">Descargar PDF<\/a>[\/vc_column_text][vc_column_text]<\/p>\n<h4>Informe anual sobre remuneraciones de los Consejeros 2016<\/h4>\n<p><a href=\"https:\/\/grupobaviera.es\/accionistas-inversores\/wp-content\/uploads\/2023\/08\/IRC-2016.pdf\" target=\"_blank\" rel=\"noopener\">Descargar PDF<\/a>[\/vc_column_text][vc_column_text]<\/p>\n<h4>Informe anual sobre remuneraciones de los Consejeros 2015<\/h4>\n<p><a href=\"https:\/\/grupobaviera.es\/accionistas-inversores\/wp-content\/uploads\/2023\/08\/IRC-2015.pdf\" target=\"_blank\" rel=\"noopener\">Descargar PDF<\/a>[\/vc_column_text][vc_column_text]<\/p>\n<h4>Informe anual sobre remuneraciones de los Consejeros 2014<\/h4>\n<p><a href=\"#\">Descargar PDF<\/a>[\/vc_column_text][vc_column_text]<\/p>\n<h4>Informe anual sobre remuneraciones de los Consejeros 2013<\/h4>\n<p><a href=\"https:\/\/grupobaviera.es\/accionistas-inversores\/wp-content\/uploads\/2023\/08\/2013-informe-anual-remuneraciones-consejeros.pdf\" target=\"_blank\" rel=\"noopener\">Descargar PDF<\/a>[\/vc_column_text][\/vc_tta_section][\/vc_tta_tabs][\/vc_column][\/vc_row]<\/p>\n<\/div>","protected":false},"excerpt":{"rendered":"<p>[vc_row full_width=\u00bbstretch_row_content_no_spaces\u00bb el_class=\u00bbbanner\u00bb css=\u00bb.vc_custom_1691291754867{background-image: url(https:\/\/grupobaviera.es\/accionistas-inversores\/wp-content\/uploads\/2023\/08\/banner-des.jpg?id=132) !important;background-position: center !important;background-repeat: no-repeat !important;background-size: cover !important;}\u00bb][vc_column][vc_column_text] Remuneraciones de los consejeros [\/vc_column_text][\/vc_column][\/vc_row][vc_row full_width=\u00bbstretch_row_content_no_spaces\u00bb el_class=\u00bbbg1 tabs-descargas\u00bb css=\u00bb.vc_custom_1691854295890{background-color: #f8f9fb !important;}\u00bb][vc_column][vc_tta_tabs section_title_tag=\u00bbh3&#8243; style=\u00bbflat\u00bb shape=\u00bbround\u00bb active_section=\u00bb1&#8243; no_fill_content_area=\u00bbtrue\u00bb][vc_tta_section title=\u00bbPol\u00edtica de remuneraci\u00f3n de los Consejeros\u00bb tab_id=\u00bb1691439762624-156947a7-a4e3&#8243;][vc_column_text] Pol\u00edtica Remuneraciones Consejeros 2025-2028 Descargar PDF[\/vc_column_text][vc_column_text] Pol\u00edtica remuneraci\u00f3n consejeros Cl\u00ednica Baviera 2022-2025 Descargar PDF[\/vc_column_text][vc_column_text] Pol\u00edtica remuneraci\u00f3n consejeros Cl\u00ednica Baviera 2021-2023 &#8230; <a title=\"Remuneraciones de los consejeros\" class=\"read-more\" href=\"https:\/\/grupobaviera.es\/accionistas-inversores\/remuneraciones-de-los-consejeros\/\" aria-label=\"Leer m\u00e1s sobre Remuneraciones de los consejeros\">Leer m\u00e1s<\/a><\/p>\n","protected":false},"author":3,"featured_media":0,"parent":0,"menu_order":0,"comment_status":"closed","ping_status":"closed","template":"","meta":{"_acf_changed":false,"inline_featured_image":false,"footnotes":""},"class_list":["post-284","page","type-page","status-publish"],"acf":[],"_links":{"self":[{"href":"https:\/\/grupobaviera.es\/accionistas-inversores\/wp-json\/wp\/v2\/pages\/284","targetHints":{"allow":["GET"]}}],"collection":[{"href":"https:\/\/grupobaviera.es\/accionistas-inversores\/wp-json\/wp\/v2\/pages"}],"about":[{"href":"https:\/\/grupobaviera.es\/accionistas-inversores\/wp-json\/wp\/v2\/types\/page"}],"author":[{"embeddable":true,"href":"https:\/\/grupobaviera.es\/accionistas-inversores\/wp-json\/wp\/v2\/users\/3"}],"replies":[{"embeddable":true,"href":"https:\/\/grupobaviera.es\/accionistas-inversores\/wp-json\/wp\/v2\/comments?post=284"}],"version-history":[{"count":12,"href":"https:\/\/grupobaviera.es\/accionistas-inversores\/wp-json\/wp\/v2\/pages\/284\/revisions"}],"predecessor-version":[{"id":2340,"href":"https:\/\/grupobaviera.es\/accionistas-inversores\/wp-json\/wp\/v2\/pages\/284\/revisions\/2340"}],"wp:attachment":[{"href":"https:\/\/grupobaviera.es\/accionistas-inversores\/wp-json\/wp\/v2\/media?parent=284"}],"curies":[{"name":"wp","href":"https:\/\/api.w.org\/{rel}","templated":true}]}}