{"id":244,"date":"2023-08-12T16:49:33","date_gmt":"2023-08-12T14:49:33","guid":{"rendered":"https:\/\/grupobaviera.es\/accionistas-inversores\/?page_id=244"},"modified":"2026-04-23T09:48:24","modified_gmt":"2026-04-23T07:48:24","slug":"delegaciones-de-voto","status":"publish","type":"page","link":"https:\/\/grupobaviera.es\/accionistas-inversores\/delegaciones-de-voto\/","title":{"rendered":"Delegaciones de voto"},"content":{"rendered":"<div class=\"wpb-content-wrapper\"><p>[vc_row full_width=\u00bbstretch_row_content_no_spaces\u00bb el_class=\u00bbbanner\u00bb css=\u00bb.vc_custom_1691851764287{background-image: url(https:\/\/grupobaviera.es\/accionistas-inversores\/wp-content\/uploads\/2023\/08\/banner-des.jpg?id=132) !important;background-position: center !important;background-repeat: no-repeat !important;background-size: cover !important;}\u00bb][vc_column][vc_column_text]<\/p>\n<h1>Delegaciones de voto<\/h1>\n<p>[\/vc_column_text][\/vc_column][\/vc_row][vc_row full_width=\u00bbstretch_row_content_no_spaces\u00bb css=\u00bb.vc_custom_1691851987237{background-color: #f8f9fb !important;}\u00bb el_class=\u00bbbg1&#8243;][vc_column][vc_column_text]Derecho de asistencia.- De conformidad con lo dispuesto en el art. 14 de los Estatutos Sociales y 11 del Reglamento de la Junta General, podr\u00e1n asistir a la Junta General todos los accionistas que sean titulares de, al menos, 50 acciones, inscritas en el correspondiente registro contable de anotaciones en cuenta con cinco d\u00edas de antelaci\u00f3n a aqu\u00e9l en que haya de celebrarse la Junta y que se provean de la correspondiente tarjeta de asistencia. Los accionistas que posean un n\u00famero menor de acciones que el se\u00f1alado en el p\u00e1rrafo precedente podr\u00e1 agruparse confiriendo su representaci\u00f3n a uno de ellos. Para concurrir a la Junta General ser\u00e1 indispensable acreditar la condici\u00f3n de accionistas mediante la correspondiente tarjeta de asistencia o certificado de legitimaci\u00f3n expedido por las entidades depositarias correspondientes, o en cualquier otra forma admitida por la legislaci\u00f3n vigente. Esta lista se cerrar\u00e1 definitivamente con cinco d\u00edas h\u00e1biles de antelaci\u00f3n al se\u00f1alado en la convocatoria para la celebraci\u00f3n de la Junta General.<\/p>\n<p>Asimismo, teniendo en cuenta la situaci\u00f3n derivada por el Covid-19, de conformidad con lo previsto en el art. 3.2 del Real Decreto-ley 34\/2020, de 17 de noviembre, de medidas urgentes de apoyo a la solvencia empresarial y al sector energ\u00e9tico, y en materia tributaria., en previsi\u00f3n de que dicha situaci\u00f3n pueda impedir en el momento previsto para la celebraci\u00f3n de la Junta General la reuni\u00f3n presencial de la misma y por ello la asistencia f\u00edsica a la reuni\u00f3n de accionistas y representantes, el Consejo ha acordado que la celebraci\u00f3n de la Junta pueda realizarse mediante el empleo de medios telem\u00e1ticos que permitan la conexi\u00f3n en tiempo real con el lugar de celebraci\u00f3n de la Junta (\u201casistencia telem\u00e1tica\u201d) y que los accionistas puedan ejercer sus derechos, personalmente o por representante, (a) a trav\u00e9s de medios de comunicaci\u00f3n a distancia y tambi\u00e9n (b) por v\u00eda telem\u00e1tica, en los t\u00e9rminos que ser\u00e1n, en su caso, objeto de comunicaci\u00f3n con la antelaci\u00f3n suficiente, todo ello en los t\u00e9rminos establecidos en los art\u00edculos 182, 189 y 521 de la Ley de Sociedades de Capital.<\/p>\n<p>Representaci\u00f3n en la Junta General.- De conformidad con lo dispuesto en el art. 16 de los Estatutos Sociales y 10 del Reglamento de la Junta General, el derecho de asistencia a las Juntas Generales es delegable en cualquier persona, sea o no accionista. La representaci\u00f3n deber\u00e1 conferirse por escrito, y con car\u00e1cter especial para cada Junta, firmando la tarjeta de asistencia y delegaci\u00f3n facilitada por la entidad depositaria o la proporcionada por la propia Sociedad, encontr\u00e1ndose a su disposici\u00f3n en la p\u00e1gina web corporativa de la Sociedad preparada para su impresi\u00f3n, debiendo acreditarse la condici\u00f3n de accionista del representado conforme a lo expuesto en el apartado anterior.<\/p>\n<p>La representaci\u00f3n tambi\u00e9n podr\u00e1 conferirse o notificarse a la Sociedad mediante correspondencia postal, remitiendo al domicilio social sito en Madrid, Paseo de la Castellana, 20, 28046, a la atenci\u00f3n del Dpto. de Relaci\u00f3n con Accionistas e Inversores, la tarjeta de asistencia y delegaci\u00f3n facilitada por la entidad depositaria o la proporcionada por la propia Sociedad, debidamente cumplimentada y firmada, debiendo acreditarse la condici\u00f3n de accionista; o enviando esta misma informaci\u00f3n a trav\u00e9s de correo electr\u00f3nico a la direcci\u00f3n inversores@clinicabaviera.com. La representaci\u00f3n conferida o notificada por este medio deber\u00e1 recibirse por la Sociedad con una antelaci\u00f3n de al menos dos d\u00edas a la fecha de celebraci\u00f3n de la Junta General en primera convocatoria. En caso contrario la representaci\u00f3n no ser\u00e1 v\u00e1lida y se tendr\u00e1 por no otorgada. La persona en quien se delegue el voto s\u00f3lo podr\u00e1 ejercerlo asistiendo a la Junta General.<\/p>\n<p>La representaci\u00f3n es siempre revocable. La asistencia personal a la Junta del representado o, en su caso, el ejercicio por su parte del derecho de voto a distancia tendr\u00e1 valor de revocaci\u00f3n. La solicitud p\u00fablica de representaci\u00f3n, la representaci\u00f3n familiar y la conferida a un apoderado general para administrar todo el patrimonio, se regir\u00e1n por las normas legales vigentes. Un mismo accionista no podr\u00e1 estar representado por m\u00e1s de un representante en la misma Junta.[\/vc_column_text][vc_column_text el_class=\u00bbbtn\u00bb]<a href=\"https:\/\/grupobaviera.es\/accionistas-inversores\/wp-content\/uploads\/2026\/04\/Tarjeta-de-Asistencia-Delegacion-y-Voto-a-distancia-JGA-2026.pdf\" target=\"_blank\" rel=\"noopener\">PDF<\/a>[\/vc_column_text][\/vc_column][\/vc_row]<\/p>\n<\/div>","protected":false},"excerpt":{"rendered":"<p>[vc_row full_width=\u00bbstretch_row_content_no_spaces\u00bb el_class=\u00bbbanner\u00bb css=\u00bb.vc_custom_1691851764287{background-image: url(https:\/\/grupobaviera.es\/accionistas-inversores\/wp-content\/uploads\/2023\/08\/banner-des.jpg?id=132) !important;background-position: center !important;background-repeat: no-repeat !important;background-size: cover !important;}\u00bb][vc_column][vc_column_text] Delegaciones de voto [\/vc_column_text][\/vc_column][\/vc_row][vc_row full_width=\u00bbstretch_row_content_no_spaces\u00bb css=\u00bb.vc_custom_1691851987237{background-color: #f8f9fb !important;}\u00bb el_class=\u00bbbg1&#8243;][vc_column][vc_column_text]Derecho de asistencia.- De conformidad con lo dispuesto en el art. 14 de los Estatutos Sociales y 11 del Reglamento de la Junta General, podr\u00e1n asistir a la Junta General todos los accionistas que sean &#8230; <a title=\"Delegaciones de voto\" class=\"read-more\" href=\"https:\/\/grupobaviera.es\/accionistas-inversores\/delegaciones-de-voto\/\" aria-label=\"Leer m\u00e1s sobre Delegaciones de voto\">Leer m\u00e1s<\/a><\/p>\n","protected":false},"author":3,"featured_media":0,"parent":0,"menu_order":0,"comment_status":"closed","ping_status":"closed","template":"","meta":{"_acf_changed":false,"inline_featured_image":false,"footnotes":""},"class_list":["post-244","page","type-page","status-publish"],"acf":[],"_links":{"self":[{"href":"https:\/\/grupobaviera.es\/accionistas-inversores\/wp-json\/wp\/v2\/pages\/244","targetHints":{"allow":["GET"]}}],"collection":[{"href":"https:\/\/grupobaviera.es\/accionistas-inversores\/wp-json\/wp\/v2\/pages"}],"about":[{"href":"https:\/\/grupobaviera.es\/accionistas-inversores\/wp-json\/wp\/v2\/types\/page"}],"author":[{"embeddable":true,"href":"https:\/\/grupobaviera.es\/accionistas-inversores\/wp-json\/wp\/v2\/users\/3"}],"replies":[{"embeddable":true,"href":"https:\/\/grupobaviera.es\/accionistas-inversores\/wp-json\/wp\/v2\/comments?post=244"}],"version-history":[{"count":14,"href":"https:\/\/grupobaviera.es\/accionistas-inversores\/wp-json\/wp\/v2\/pages\/244\/revisions"}],"predecessor-version":[{"id":2397,"href":"https:\/\/grupobaviera.es\/accionistas-inversores\/wp-json\/wp\/v2\/pages\/244\/revisions\/2397"}],"wp:attachment":[{"href":"https:\/\/grupobaviera.es\/accionistas-inversores\/wp-json\/wp\/v2\/media?parent=244"}],"curies":[{"name":"wp","href":"https:\/\/api.w.org\/{rel}","templated":true}]}}